e units digit of d(t)?
3
Suppose 0 = 3*j - 13 - 23. Let r be 4/(2 - 2/(8/6)). Suppose n - j = r. What is the tens digit of n?
2
Suppose 886*d = 890*d - 536. What is the tens digit of d?
3
Let w = -204 + 314. Suppose -p + w = 4*p. Suppose 10 = 2*x, 28 = 3*f - 5*x - p. What is the units digit of f?
5
Let v = -72 - -72. Suppose v = k + 3*m - 29, -4*m - 3 = 5. What is the tens digit of k?
3
Let m be 12/(-4) - -6 - 11. Let x be (-162)/m + 1/(-4). Let k = x - -12. What is the units digit of k?
2
Suppose -315*j = -293*j - 15048. What is the hundreds digit of j?
6
Suppose -3*c = 2*c. Suppose 3*y - 2*y - 128 = c. Suppose 0 = 5*f - f + 3*u - 110, y = 5*f - u. What is the tens digit of f?
2
Let x(z) = -z**3 + 10*z**2 - 17*z + 8. Let t be x(8). Suppose -4*k - 4*j + 52 = t, 5*k - 2*j - 21 - 9 = 0. What is the units digit of k?
8
Suppose -5*d = -3*k - 1405, 4*k = -4*d + 1093 + 31. What is the units digit of d?
1
Let r(g) = g**3 - 2*g**2 - g + 351. Let a be r(0). Suppose a = 21*t - 8*t. What is the units digit of t?
7
Suppose -3*a + 20 = a. Suppose a*i - 247 = -k, 0 = -5*i - 3*k + 5*k + 241. What is the tens digit of i?
4
Let s(p) = 3*p - 1. Suppose -3 = -5*a + 2. Let d be s(a). Suppose 46 = d*b - 8. What is the tens digit of b?
2
Suppose 6*j = 66 + 6. Let h(o) = -o**2 + 11*o + 29. Let l be h(j). Suppose -80 = -3*f - l. What is the units digit of f?
1
Let i(o) = 33*o + 16. Let t(w) = w**3 + 30*w**2 + 30*w + 31. Let d be t(-29). What is the tens digit of i(d)?
8
Let o = -4 + 13. Suppose -196 = -5*h + o. What is the tens digit of h?
4
Let h = -16 - -13. Let c(w) = 5*w**2 + 4*w + 4. Let l be c(h). Suppose -4*v + 175 = -2*y + y, -v - 2*y + l = 0. What is the tens digit of v?
4
Let j(b) = -b**2 + 24*b - 21. Let m be j(23). Suppose -a - c = m*c - 271, 0 = 4*c. What is the hundreds digit of a?
2
What is the hundreds digit of ((6/(-4))/(-1))/(32/2432)?
1
Let y be (-149103)/(-63) - 2/(-7). What is the units digit of (-1 - -4)*y/27?
3
Suppose l = g + 5 - 4, -3*l + 7 = g. Suppose 0*t = l*t - 22. What is the tens digit of t?
1
Let g(p) be the third derivative of 7*p**4/24 + p**3/2 - 18*p**2. What is the tens digit of g(11)?
8
Suppose m = 4*p - 1337, -270 = 4*p + m - 1597. What is the tens digit of p?
3
Let m(i) = i**2 - i - 6. Let u be m(5). Suppose -8*t = -u*t + 450. What is the units digit of t?
5
Let v(a) = 2*a**2 + 2*a - 3. Let j be ((-2)/(-6))/(4/(-36)). What is the units digit of v(j)?
9
Let d = 1048 + -565. Suppose -5*n - 3*x = -1161, -4*n + 5*x = -2*n - d. What is the tens digit of n?
3
Suppose 0 = 2*t + 3*z - 8*z - 391, 0 = z + 3. Suppose 13*i - 15*i = -t. What is the units digit of i?
4
Suppose 41*g = -4*z + 45*g + 12740, 0 = -z - 2*g + 3170. What is the units digit of z?
0
Let t = -5 + 6. Let s be 2 - 1 - 2 - t. What is the units digit of (2/4)/(s/(-12))?
3
Suppose 3*c = 2*h - 1363, 4*c - 2087 = -5*h + 2*h. What is the tens digit of h?
8
Suppose -6 - 66 = 3*r. Let n = r + 20. What is the tens digit of 2 - (3 + n)*19?
2
Let m = 15 + 22. Suppose -3*q + 37 = -0*n - 2*n, -q = 3*n + 61. Let l = m + n. What is the units digit of l?
7
Suppose -3*k = -12 + 30. Let u(o) = o - 10. Let v(j) = 9. Let r(g) = -3*u(g) - 4*v(g). What is the units digit of r(k)?
2
Suppose -4*q = -3*v + 4*v, 0 = 4*v + 2*q. Let i(s) = s**2 + s + 16. What is the tens digit of i(v)?
1
Let h = 101 - 33. Suppose -2*j + 40 = -3*n, -5*n + 0*j = -2*j + h. Let q = -6 - n. What is the units digit of q?
8
Let s be 88/40 - (-2)/(-10). Suppose -g - 24 = -w + 4*w, s*w + 6 = 0. Let u(i) = -i**2 - 17*i + 4. What is the tens digit of u(g)?
3
Let c = -2 + 5. Suppose 2*b + 1 = -c*d - 2, 8 = -4*d - 4*b. Suppose -3*u + 107 = -d. What is the tens digit of u?
3
Let b = -40 + 56. Let v = b - 79. What is the tens digit of v/14*(-32)/6?
2
Let b = 14 - 13. What is the tens digit of 3*260/12 - 0/b?
6
Suppose -4762 = 6*n - 34300. What is the thousands digit of n?
4
Suppose 4*n + n = -10, 0 = 3*m + 4*n - 226. Suppose 13 = -4*z - 3*j - 49, 0 = -5*z - 4*j - m. Let s = z - -41. What is the tens digit of s?
2
Let s be 20/4*2/(-2 + 0). What is the units digit of s/(75/36)*(-55)/2?
6
What is the units digit of ((-9)/4)/(-2 + (-12212)/(-6112))?
6
Let i = 141 - -219. What is the tens digit of i?
6
Let m(g) be the second derivative of g**4/6 - g**3/2 - 2*g**2 - 3*g. Let q(c) be the first derivative of m(c). What is the units digit of q(9)?
3
Let r be (-496)/(-112) + 6/(-14). What is the units digit of (81 - 1) + r + -2?
2
Suppose 144 + 12 = 3*w. Let b = 11 + w. What is the units digit of b?
3
Let v(b) = 2*b**3 + 28*b**2 + 10*b + 2. Let n be v(-13). Suppose -n = -13*g - 41. What is the tens digit of g?
1
Let q(p) = -2107*p - 4. Let x be q(-2). What is the units digit of x/25 - -6*(-2)/30?
8
Suppose -6*b = -b - 4*q - 2565, b - 499 = -2*q. What is the units digit of b?
9
Suppose 5*k - 356 - 174 = 0. What is the hundreds digit of k?
1
Let r(d) = 81*d**2 + 7*d + 6. What is the hundreds digit of r(-2)?
3
Suppose 5*c - 30 = -c. Suppose 0 = 3*h - 3*i - 156, -2*i + 0*i + 246 = c*h. What is the units digit of h?
0
Suppose -24 - 13 = -4*m + 5*t, -4*t = -m + 23. Suppose -8*g + m*g + 10 = 0. Suppose g + 3 = p. What is the units digit of p?
5
Let w be 12/(-1 + 14/8). Suppose -18*d + w*d + 52 = 0. What is the tens digit of d?
2
Suppose 3*a = o + 850, -4*a + 481 = 3*o - 635. What is the hundreds digit of a?
2
Let u(b) = -699*b + 198. What is the thousands digit of u(-7)?
5
Let m be (-1)/3*(-295 - 2). Let r = m - 41. What is the units digit of r?
8
Let a(t) = t**2 - 7*t + 4. Suppose -2*q - r = r - 16, -3*r = -4*q + 25. What is the units digit of a(q)?
4
Suppose -7 = 2*h + 3*a + 14, 29 = -3*h - 4*a. What is the units digit of 39/4 + (9/4)/h?
9
Suppose 0 = 4*k + 2*r - 13718, -5*r = 4*k - 8*k + 13711. What is the thousands digit of k?
3
Let c = -92 - -94. Suppose 4*k + y - 556 = -2*y, -c*y = -3*k + 434. What is the units digit of k?
2
Let u(j) = 14*j + 140. What is the units digit of u(0)?
0
Suppose -2*u + b = 0, -2*u + 3*b - 4 - 4 = 0. Suppose 3*g - 359 = u*k, 3*g - 478 = -2*k - 99. What is the units digit of g?
3
Suppose -141*n + 13706 = -134*n. What is the tens digit of n?
5
Suppose 0 = -8*l + 3*l + 35. Let z = l + -3. Suppose -3*t = 2*k - 4*t, z*k + 2*t - 8 = 0. What is the units digit of k?
1
Suppose 0 = 4*r - 0*r - 12. Let s = -97 + 140. Suppose 3*y = 5*z + 49, r*y - 4*z - s = -2*z. What is the tens digit of y?
1
Let o(r) = -749*r - 228. What is the thousands digit of o(-4)?
2
Let p be (-18)/(-30) + 33/(-5). Let n = 7 - p. What is the units digit of n?
3
Let p(f) = 2*f**3 - 4*f**2 + 4*f - 6. Suppose -2*n + 0*n + 8 = 0. What is the tens digit of p(n)?
7
Let o = -30 + 26. Let z(q) = 31*q + 7. Let y be z(o). Let n = -64 - y. What is the tens digit of n?
5
Let c = -630 - -1467. What is the hundreds digit of c?
8
Suppose -11*u + 4781 - 1360 = 0. What is the tens digit of u?
1
Suppose -s - 5 = -4*s + 2*l, 0 = 3*s + 3*l + 15. Suppose 0 = 7*i - 4 - 10. What is the units digit of 2/s + (i - -2)?
2
Let a = 1442 + -903. What is the tens digit of a?
3
Let v be 4/(-1*(2 - 1)). Let g be 0*(11/v - -3). Suppose -2*f + 5*z + 22 = g, 2*f + 2*z + 22 = 58. What is the tens digit of f?
1
Suppose -3*c + 4 = -5*q, 7*q + 1 = 2*q + 2*c. Let m = q + 4. Suppose -2*u = -2*o + 38, 0 = 2*o + o - m*u - 55. What is the tens digit of o?
2
Suppose u = 0, -2*j + 2*u + 9 = -33. Suppose 0 = 21*l + 330 - 981. Let n = l - j. What is the tens digit of n?
1
Let q(g) = 12*g**2 - 66*g. What is the thousands digit of q(-17)?
4
Let a(n) = -4 + 0 - 9 + n - 6*n. What is the units digit of a(-10)?
7
Let d = 12478 + -8640. What is the hundreds digit of d?
8
Let v be 375/(-3)*(-2 - -1). Let h = v - 49. What is the units digit of h?
6
Let h(x) = x**2 - 20*x - 6. Let p be (-11*(-6 + 4))/2. Let b(s) = 3*s**2 - 60*s - 19. Let u(c) = p*h(c) - 4*b(c). What is the tens digit of u(18)?
4
Suppose u = -2*w - 8, -5*u + 6 = -5*w + 1. Let l be 2/(-2) + (-24)/w. Suppose -5*i = -l*i + 26. What is the tens digit of i?
1
Let d(q) be the second derivative of q**3/3 - q**2 + 10*q. Let v be d(4). What is the tens digit of ((-390)/45)/((-1)/v)?
5
Suppose 11*x + 462 = 18*x. What is the units digit of x?
6
Let f be -1 + (9 - 1) + (-21)/7. What is the units digit of f/12 - 1 - (-412)/6?
8
Suppose 20 = -g + 12. Le